{"id":1075,"date":"2020-11-17T09:09:15","date_gmt":"2020-11-17T02:09:15","guid":{"rendered":"http:\/\/omllighting.com\/?post_type=product&#038;p=1075"},"modified":"2023-06-20T11:06:27","modified_gmt":"2023-06-20T04:06:27","slug":"den-pha-chieu-led-oml","status":"publish","type":"product","link":"https:\/\/www.oml.com.vn\/?product=den-pha-chieu-led-oml","title":{"rendered":"\u0110\u00c8N PHA CHI\u1ebeU LED OML"},"content":{"rendered":"<p>\u0110\u00e8n pha chi\u1ebfu led OML l\u00e0 s\u1ea3n ph\u1ea9m \u0111\u00e8n pha chi\u1ebfu s\u00e1ng s\u1eed d\u1ee5ng cho vi\u1ec7c chi\u1ebfu s\u00e1ng ngo\u1ea1i c\u1ea3nh cho h\u1ed9 gia \u0111\u00ecnh ho\u1eb7c doanh nghi\u1ec7p. \u0110\u1ea3m b\u1ea3o ngu\u1ed3n \u00e1nh s\u00e1ng v\u1ec1 \u0111\u00eam cho kh\u00f4ng gian s\u1ed1ng ngo\u00e0i tr\u1eddi c\u1ee7a gia \u0111\u00ecnh m\u00ecnh<\/p>\n<p>&#8211; S\u1ea3n ph\u1ea9m d\u00e0nh cho h\u1ed9 gia \u0111\u00ecnh v\u00e0 c\u00e1c nh\u00e0 m\u00e1y x\u00ed nghi\u1ec7p kinh doanh<br \/>\n&#8211;\u00a0 Kh\u1ea3 n\u0103ng ch\u1ed1ng xung s\u00e9t 20kV<br \/>\n&#8211; Ch\u1ea5t l\u01b0\u1ee3ng \u00e1nh s\u00e1ng cao (CRI&gt;= 80) t\u0103ng kh\u1ea3 n\u0103ng nh\u1eadn di\u1ec7n m\u00e0u s\u1eafc c\u1ee7a v\u1eadt<br \/>\n&#8211; Tu\u1ed5i th\u1ecd 30 000h,ti\u1ebft ki\u1ec7m \u0111\u1ebfn 45% \u0111i\u1ec7n n\u0103ng gi\u1ea3m chi ph\u00ed v\u1eadn h\u00e0nh<br \/>\n&#8211; Ch\u1ec9 s\u1ed1 b\u1ea3o v\u1ec7 IP 44; \u00edt ph\u1ea3i thay th\u1ebf, d\u1ec5 d\u00e0ng l\u1eafp \u0111\u1eb7t<br \/>\n&#8211; H\u1ec7 s\u1ed1 c\u00f4ng su\u1ea5t cao \u2265 0.9, gi\u00fap nh\u00e0 m\u00e1y kh\u00f4ng ph\u1ea3i mua c\u00f4ng su\u1ea5t ph\u1ea3n kh\u00e1ng<br \/>\n&#8211; li&gt;\u0110\u00e8n c\u00f3 d\u1ea3i nhi\u1ec7t \u0111\u1ed9 ho\u1ea1t \u0111\u1ed9ng r\u1ed9ng -10 &#8211; 60oC<\/p>\n<p>&nbsp;<\/p>\n","protected":false},"excerpt":{"rendered":"<p>&#8211; S\u1ea3n ph\u1ea9m d\u00e0nh cho h\u1ed9 gia \u0111\u00ecnh v\u00e0 c\u00e1c nh\u00e0 m\u00e1y x\u00ed nghi\u1ec7p kinh doanh<br \/>\n&#8211;\u00a0 Kh\u1ea3 n\u0103ng ch\u1ed1ng xung s\u00e9t 20kV<br \/>\n&#8211; Ch\u1ea5t l\u01b0\u1ee3ng \u00e1nh s\u00e1ng cao (CRI&gt;= 80) t\u0103ng kh\u1ea3 n\u0103ng nh\u1eadn di\u1ec7n m\u00e0u s\u1eafc c\u1ee7a v\u1eadt<br \/>\n&#8211; Tu\u1ed5i th\u1ecd 30 000h,ti\u1ebft ki\u1ec7m \u0111\u1ebfn 45% \u0111i\u1ec7n n\u0103ng gi\u1ea3m chi ph\u00ed v\u1eadn h\u00e0nh<br \/>\n&#8211; Ch\u1ec9 s\u1ed1 b\u1ea3o v\u1ec7 IP 44; \u00edt ph\u1ea3i thay th\u1ebf, d\u1ec5 d\u00e0ng l\u1eafp \u0111\u1eb7t<br \/>\n&#8211; H\u1ec7 s\u1ed1 c\u00f4ng su\u1ea5t cao \u2265 0.9, gi\u00fap nh\u00e0 m\u00e1y kh\u00f4ng ph\u1ea3i mua c\u00f4ng su\u1ea5t ph\u1ea3n kh\u00e1ng<br \/>\n&#8211; li&gt;\u0110\u00e8n c\u00f3 d\u1ea3i nhi\u1ec7t \u0111\u1ed9 ho\u1ea1t \u0111\u1ed9ng r\u1ed9ng -10 &#8211; 60oC<\/p>\n","protected":false},"featured_media":1375,"comment_status":"open","ping_status":"closed","template":"","meta":[],"product_cat":[141],"product_tag":[47,183],"_links":{"self":[{"href":"https:\/\/www.oml.com.vn\/index.php?rest_route=\/wp\/v2\/product\/1075"}],"collection":[{"href":"https:\/\/www.oml.com.vn\/index.php?rest_route=\/wp\/v2\/product"}],"about":[{"href":"https:\/\/www.oml.com.vn\/index.php?rest_route=\/wp\/v2\/types\/product"}],"replies":[{"embeddable":true,"href":"https:\/\/www.oml.com.vn\/index.php?rest_route=%2Fwp%2Fv2%2Fcomments&post=1075"}],"wp:featuredmedia":[{"embeddable":true,"href":"https:\/\/www.oml.com.vn\/index.php?rest_route=\/wp\/v2\/media\/1375"}],"wp:attachment":[{"href":"https:\/\/www.oml.com.vn\/index.php?rest_route=%2Fwp%2Fv2%2Fmedia&parent=1075"}],"wp:term":[{"taxonomy":"product_cat","embeddable":true,"href":"https:\/\/www.oml.com.vn\/index.php?rest_route=%2Fwp%2Fv2%2Fproduct_cat&post=1075"},{"taxonomy":"product_tag","embeddable":true,"href":"https:\/\/www.oml.com.vn\/index.php?rest_route=%2Fwp%2Fv2%2Fproduct_tag&post=1075"}],"curies":[{"name":"wp","href":"https:\/\/api.w.org\/{rel}","templated":true}]}}