{"id":1138,"date":"2020-12-19T07:22:17","date_gmt":"2020-12-19T00:22:17","guid":{"rendered":"http:\/\/omllighting.com\/?post_type=product&#038;p=1138"},"modified":"2026-03-24T12:25:27","modified_gmt":"2026-03-24T05:25:27","slug":"bong-led-qua-nhot-lap-den-tho","status":"publish","type":"product","link":"https:\/\/www.oml.com.vn\/?product=bong-led-qua-nhot-lap-den-tho","title":{"rendered":"LED TH\u1edc 0.5W"},"content":{"rendered":"<p>B\u00f3ng LED qu\u1ea3 nh\u00f3t l\u1eafp \u0111\u00e8n th\u1edd l\u00e0 lo\u1ea1i v\u1ecf nh\u1ef1a, h\u1ea1n ch\u1ebf b\u1ecb v\u1ee1 khi s\u1eed d\u1ee5ng. C\u00f4ng su\u1ea5t b\u00f3ng: 0,5w &#8211; ti\u1ebft ki\u1ec7m \u0111i\u1ec7n n\u0103ng, ko b\u1ecb n\u00f3ng,ko sinh nhi\u1ec7t. \u0110\u1ed9 b\u1ec1n cao. B\u00f3ng s\u1eed d\u1ee5ng \u0111ui E12 D\u00f9ng l\u1eafp \u0111\u1eb7t t\u1ea1i b\u00e0n th\u1edd, c\u00e1c b\u00f4ng sen, tr\u00ean c\u00e1c ban th\u1edd th\u1ea7n t\u00e0i, gia ti\u00ean, b\u00e0n th\u1edd Ph\u1eadt<\/p>\n<p><img loading=\"lazy\" class=\"alignnone size-medium wp-image-2476\" src=\"https:\/\/www.oml.com.vn\/wp-content\/uploads\/2020\/12\/z4510141577676_33d534b5dcf4043a9a4bcf1d99224fe2-300x251.jpg\" alt=\"\" width=\"300\" height=\"251\" srcset=\"https:\/\/www.oml.com.vn\/wp-content\/uploads\/2020\/12\/z4510141577676_33d534b5dcf4043a9a4bcf1d99224fe2-300x251.jpg 300w, https:\/\/www.oml.com.vn\/wp-content\/uploads\/2020\/12\/z4510141577676_33d534b5dcf4043a9a4bcf1d99224fe2-768x643.jpg 768w, https:\/\/www.oml.com.vn\/wp-content\/uploads\/2020\/12\/z4510141577676_33d534b5dcf4043a9a4bcf1d99224fe2-510x427.jpg 510w, https:\/\/www.oml.com.vn\/wp-content\/uploads\/2020\/12\/z4510141577676_33d534b5dcf4043a9a4bcf1d99224fe2.jpg 827w\" sizes=\"(max-width: 300px) 100vw, 300px\" \/><\/p>\n","protected":false},"excerpt":{"rendered":"<ul>\n<li>T\u00ean s\u1ea3n ph\u1ea9m: led th\u1edd<\/li>\n<li>M\u00e3 s\u1ea3n ph\u1ea9m: OML-OT-0.5W\u0110<\/li>\n<li>C\u00f4ng su\u1ea5t:0.5w<\/li>\n<li>Nh\u00e3n hi\u1ec7u:\u00a0OML\u00ae LIGHTING<\/li>\n<li>B\u1ea3o h\u00e0nh: 24 th\u00e1ng<\/li>\n<\/ul>\n","protected":false},"featured_media":2476,"comment_status":"open","ping_status":"closed","template":"","meta":[],"product_cat":[163],"product_tag":[],"_links":{"self":[{"href":"https:\/\/www.oml.com.vn\/index.php?rest_route=\/wp\/v2\/product\/1138"}],"collection":[{"href":"https:\/\/www.oml.com.vn\/index.php?rest_route=\/wp\/v2\/product"}],"about":[{"href":"https:\/\/www.oml.com.vn\/index.php?rest_route=\/wp\/v2\/types\/product"}],"replies":[{"embeddable":true,"href":"https:\/\/www.oml.com.vn\/index.php?rest_route=%2Fwp%2Fv2%2Fcomments&post=1138"}],"wp:featuredmedia":[{"embeddable":true,"href":"https:\/\/www.oml.com.vn\/index.php?rest_route=\/wp\/v2\/media\/2476"}],"wp:attachment":[{"href":"https:\/\/www.oml.com.vn\/index.php?rest_route=%2Fwp%2Fv2%2Fmedia&parent=1138"}],"wp:term":[{"taxonomy":"product_cat","embeddable":true,"href":"https:\/\/www.oml.com.vn\/index.php?rest_route=%2Fwp%2Fv2%2Fproduct_cat&post=1138"},{"taxonomy":"product_tag","embeddable":true,"href":"https:\/\/www.oml.com.vn\/index.php?rest_route=%2Fwp%2Fv2%2Fproduct_tag&post=1138"}],"curies":[{"name":"wp","href":"https:\/\/api.w.org\/{rel}","templated":true}]}}