{"id":1541,"date":"2022-11-08T15:33:16","date_gmt":"2022-11-08T08:33:16","guid":{"rendered":"http:\/\/omllighting.com\/?post_type=product&#038;p=1541"},"modified":"2023-07-13T09:01:48","modified_gmt":"2023-07-13T02:01:48","slug":"panel-tam","status":"publish","type":"product","link":"https:\/\/www.oml.com.vn\/?product=panel-tam","title":{"rendered":"PANEL T\u1ea4M SI\u00caU M\u1eceNG"},"content":{"rendered":"<p>\u0110\u00e8n LED panel t\u1ea5m l\u00e0 thi\u1ebft k\u1ebf d\u1ea1ng t\u1ea5m l\u1edbn, C\u00f3 k\u00edch th\u01b0\u1edbc ti\u00eau chu\u1ea9n l\u00e0 h\u00ecnh vu\u00f4ng, h\u00ecnh ch\u1eef nh\u1eadt v\u00e0 \u0111\u01b0\u1ee3c l\u1eafp \u0111\u1eb7t \u00e2m tr\u1ea7n t\u01b0\u01a1ng t\u1ef1 \u0111\u00e8n downlight ho\u1eb7c l\u1eafp d\u1ea1ng t\u1ea5m th\u1ea3.<br \/>\nPanel t\u1ea5m lu\u00f4n l\u00e0 s\u1ef1 l\u1ef1a ch\u1ecdn c\u1ee7a r\u1ea5t nhi\u1ec1u c\u00e1c c\u00f4ng tr\u00ecnh, \u0111\u1eb7c bi\u1ec7t l\u00e0 khu v\u0103n ph\u00f2ng, khu c\u00f4ng nghi\u1ec7p, trung t\u00e2m th\u01b0\u01a1ng m\u1ea1i hay b\u1ec7nh vi\u1ec7n. C\u0169ng ch\u00ednh v\u00ec c\u00e1c \u01b0u \u0111i\u1ec3m n\u00e0y m\u00e0 \u0111\u00e8n LED panel t\u1ea5m c\u1ee7a OMl LIGHTING \u0111\u01b0\u1ee3c ng\u01b0\u1eddi ti\u00eau d\u00f9ng y\u00eau th\u00edch v\u00e0 s\u0103n \u0111\u00f3n.<br \/>\n\u01afu \u0111i\u1ec3m c\u1ee7a \u0111\u00e8n LED Panel t\u1ea5m<br \/>\n1.Ti\u1ebft ki\u1ec7m chi ph\u00ed, th\u1eddi gian thi c\u00f4ng ng\u1eafn<br \/>\n2.Thi c\u00f4ng d\u1ec5 d\u00e0ng tr\u00ean c\u00e1c c\u00f4ng tr\u00ecnh c\u00f3 \u0111\u1ecba l\u00fd kh\u00f3 kh\u0103n, hi\u1ec3m tr\u1edf, \u0111\u1eb7c bi\u1ec7t l\u00e0 khi v\u1eadn chuy\u1ec3n<br \/>\n3.K\u1ebft c\u1ea5u v\u1eefng ch\u1eafc, kh\u1ea3 n\u0103ng ch\u1ecbu l\u1ef1c, ch\u1ed1ng n\u00f3ng, ch\u1ed1ng \u1ed3n t\u1ed1t<br \/>\n4.V\u1eadt li\u1ec7u kh\u00f4ng \u0111\u1ed9c h\u1ea1i, th\u00e2n thi\u1ec7n v\u1edbi m\u00f4i tr\u01b0\u1eddng<br \/>\n5.Ch\u1ecbu \u0111\u01b0\u1ee3c n\u1eafng m\u01b0a v\u00e0 th\u1eddi ti\u1ebft kh\u1eafc nghi\u1ec7t \u1edf Vi\u1ec7t Nam<br \/>\n6.\u1ee8ng d\u1ee5ng chi\u1ebfu s\u00e1ng th\u00edch h\u1ee3p cho m\u1ecdi gia \u0111\u00ecnh, tr\u01b0\u1eddng h\u1ecdc, v\u0103n ph\u00f2ng, trung t\u00e2m th\u01b0\u01a1ng m\u1ea1i, b\u1ec7nh vi\u1ec7n\u2026<\/p>\n","protected":false},"excerpt":{"rendered":"<p>M\u00e3 s\u1ea3n ph\u1ea9m:OML-PNT-60X60<br \/>\nC\u00f4ng su\u1ea5t:48W<br \/>\n\u00c1nh s\u00e1ng: Tr\u1eafng<br \/>\nK\u00edch th\u01b0\u1edbc: 600&#215;600<br \/>\n\u0110i\u1ec7n \u00e1p:AC 100-265<br \/>\nTh\u01b0\u01a1ng hi\u1ec7u: OMl<br \/>\nTu\u1ed5i th\u1ecd: 40.000h<br \/>\nB\u1ea3o h\u00e0nh:24 th\u00e1ng<\/p>\n","protected":false},"featured_media":2415,"comment_status":"open","ping_status":"closed","template":"","meta":[],"product_cat":[280],"product_tag":[28],"_links":{"self":[{"href":"https:\/\/www.oml.com.vn\/index.php?rest_route=\/wp\/v2\/product\/1541"}],"collection":[{"href":"https:\/\/www.oml.com.vn\/index.php?rest_route=\/wp\/v2\/product"}],"about":[{"href":"https:\/\/www.oml.com.vn\/index.php?rest_route=\/wp\/v2\/types\/product"}],"replies":[{"embeddable":true,"href":"https:\/\/www.oml.com.vn\/index.php?rest_route=%2Fwp%2Fv2%2Fcomments&post=1541"}],"wp:featuredmedia":[{"embeddable":true,"href":"https:\/\/www.oml.com.vn\/index.php?rest_route=\/wp\/v2\/media\/2415"}],"wp:attachment":[{"href":"https:\/\/www.oml.com.vn\/index.php?rest_route=%2Fwp%2Fv2%2Fmedia&parent=1541"}],"wp:term":[{"taxonomy":"product_cat","embeddable":true,"href":"https:\/\/www.oml.com.vn\/index.php?rest_route=%2Fwp%2Fv2%2Fproduct_cat&post=1541"},{"taxonomy":"product_tag","embeddable":true,"href":"https:\/\/www.oml.com.vn\/index.php?rest_route=%2Fwp%2Fv2%2Fproduct_tag&post=1541"}],"curies":[{"name":"wp","href":"https:\/\/api.w.org\/{rel}","templated":true}]}}