{"id":2029,"date":"2023-03-09T08:33:08","date_gmt":"2023-03-09T01:33:08","guid":{"rendered":"http:\/\/omllighting.com\/?post_type=product&#038;p=2029"},"modified":"2023-06-27T15:59:45","modified_gmt":"2023-06-27T08:59:45","slug":"op-noi-tron-than-den-18w","status":"publish","type":"product","link":"https:\/\/www.oml.com.vn\/?product=op-noi-tron-than-den-18w","title":{"rendered":"\u1ed0P N\u1ed4I TR\u00d2N TH\u00c2N \u0110EN 18W"},"content":{"rendered":"<table style=\"width: 600px;\" border=\"1\" cellspacing=\"1\" cellpadding=\"1\">\n<tbody>\n<tr bgcolor=\"#00CCCC\">\n<td colspan=\"2\">\u00a0 \u00a0 \u00a0 \u00a0 \u00a0 \u00a0 \u00a0 \u00a0 \u00a0 \u00a0 \u00a0 \u00a0 \u00a0 \u00a0 \u00a0 \u00a0 \u00a0 \u00a0 \u00a0 \u00a0 \u00a0 \u00a0 \u00a0 \u00a0 \u00a0 \u00a0 \u00a0Th\u00f4ng S\u1ed1 K\u0129 Thu\u1eadt<\/td>\n<\/tr>\n<tr bgcolor=\"#e3f5fc\">\n<td>C\u00f4ng su\u1ea5t<\/td>\n<td>18W<\/td>\n<\/tr>\n<tr bgcolor=\"#e3f5fc\">\n<td>\u0110i\u1ec7n \u00e1p ho\u1ea1t \u0111\u1ed9ng<\/td>\n<td>85V-265V<\/td>\n<\/tr>\n<tr bgcolor=\"#e3f5fc\">\n<td>Quang th\u00f4ng<\/td>\n<td>1440Lm<\/td>\n<\/tr>\n<tr bgcolor=\"#e3f5fc\">\n<td>T\u1ea7n s\u1ed1<\/td>\n<td>50\/60Hz<\/td>\n<\/tr>\n<tr bgcolor=\"#e3f5fc\">\n<td>K\u00edch th\u01b0\u1edbc<\/td>\n<td>\u00d8210*40mm<\/td>\n<\/tr>\n<tr bgcolor=\"#e3f5fc\">\n<td>Ch\u1ebf \u0111\u1ed9 m\u00e0u<\/td>\n<td>Tr\u1eafng(6500k)<\/td>\n<\/tr>\n<tr bgcolor=\"#e3f5fc\">\n<td>B\u1ea3o H\u00e0nh<\/td>\n<td>24 th\u00e1ng<\/td>\n<\/tr>\n<tr bgcolor=\"#e3f5fc\">\n<td>Ch\u1ea5t l\u01b0\u1ee3ng<\/td>\n<td>\u0110\u1ea1t ti\u00eau chu\u1ea9n Qu\u1ed1c gia<\/td>\n<\/tr>\n<\/tbody>\n<\/table>\n<p>M\u00f4 t\u1ea3:<\/p>\n<p><a href=\"http:\/\/omllighting.com\" target=\"_blank\" rel=\"noopener\"><span style=\"color: #008080;\">\u0110\u00e8n Led \u1ed1p n\u1ed5i 18W OML\u00ae <\/span><\/a>\u0111\u01b0\u1ee3c \u0111\u00e1nh gi\u00e1 l\u00e0 m\u1ed9t s\u1ea3n ph\u1ea9m \u0111\u1eb9p v\u00e0 \u0111\u00e1ng tin c\u1eady. V\u1edbi thi\u1ebft k\u1ebf vi\u1ec1n \u00f4m \u0111\u01a1n gi\u1ea3n, tinh t\u1ebf, l\u1edbp s\u01a1n b\u00f3ng, m\u1ecbn, \u0111\u1ed3ng \u0111\u1ec1u. K\u00ednh ph\u1ea3n quang ch\u1ed1ng ch\u00f3i, b\u1ea3o v\u1ec7 m\u1eaft, \u0111\u1ed9 xuy\u00ean th\u1ea5u v\u00e0 t\u00e1n quang hi\u1ec7u qu\u1ea3 cho ra \u00e1nh s\u00e1ng trung th\u1ef1c, kh\u00f4ng b\u1ecb l\u00f3a.<\/p>\n<p>K\u00edch th\u01b0\u1edbc ti\u00eau chu\u1ea9n 210&#215;40 mm s\u1ebd d\u1ec5 d\u00e0ng h\u01a1n cho ch\u00fang ta \u0111\u1ec3 l\u1ef1a ch\u1ecdn s\u1ea3n ph\u1ea9m ph\u00f9 h\u1ee3p v\u1edbi thi\u1ebft k\u1ebf c\u1ee7a gia \u0111\u00ecnh.<\/p>\n<p>Pannel \u1ed1p n\u1ed5i 18W OML\u00ae \u0111\u01b0\u1ee3c thi\u1ebft k\u1ebf v\u1edbi g\u00f3c chi\u1ebfu 180\u00b0, s\u1eed d\u1ee5ng t\u1ea3n nhi\u1ec7t nh\u00f4m, c\u00f3 ngu\u1ed3n IC b\u1ea3o v\u1ec7 m\u1eaft.<\/p>\n<h2>\u0110\u1eb7c \u0111i\u1ec3m n\u1ed5i b\u1eadt c\u1ee7a<a href=\"http:\/\/omllighting.com\" target=\"_blank\" rel=\"noopener\"> <span style=\"color: #008080;\">\u0110\u00e8n Led \u1ed1p n\u1ed5i 18W OML\u00ae<\/span><\/a><\/h2>\n<ul>\n<li><a href=\"http:\/\/omllighting.com\" target=\"_blank\" rel=\"noopener\"><span style=\"color: #008080;\">\u0110\u00e8n Led \u1ed1p n\u1ed5i 18W OML\u00ae <\/span><\/a>s\u1eed d\u1ee5ng Chip LED 2835 h\u00e3ng Epistar si\u00eau s\u00e1ng.<\/li>\n<li>T\u1ea3n nhi\u1ec7t nh\u00f4m \u0111\u00fac nguy\u00ean kh\u1ed1i gi\u00fap t\u0103ng tu\u1ed5i th\u1ecd nhi\u1ec1u l\u1ea7n so v\u1edbi t\u1ea3n nhi\u1ec7t m\u1ecfng tr\u00ean th\u1ecb tr\u01b0\u1eddng.<\/li>\n<li>Driver \u1ed5n \u0111\u1ecbnh, c\u00f3 IC ngu\u1ed3n tr\u00e1nh g\u00e2y \u1ea3nh h\u01b0\u1edfng \u0111\u1ebfn s\u1ee9c kh\u1ecfe con ng\u01b0\u1eddi khi s\u1eed d\u1ee5ng.<\/li>\n<li>B\u00f3ng r\u1ea5t k\u00edn, ch\u1ed1ng ch\u1ecbu \u0111\u01b0\u1ee3c n\u01b0\u1edbc m\u01b0a t\u1ea1t ngang v\u00e0 ch\u1ed1ng \u0111\u01b0\u1ee3c c\u00f4n tr\u00f9ng x\u00e2m nh\u1eadp.<\/li>\n<li>L\u1edbp s\u01a1n t\u0129nh \u0111i\u1ec7n ch\u1ed1ng g\u1ec9 r\u1ea5t t\u1ed1t.<\/li>\n<li>\u1ed0p n\u1ed5i thi\u1ebft k\u1ebf \u0111\u1eb9p, ch\u1eafc ch\u1eafn<\/li>\n<li>K\u00edch th\u01b0\u1edbc ti\u00eau chu\u1ea9n theo ti\u00eau chu\u1ea9n qu\u1ed1c t\u1ebf.<\/li>\n<\/ul>\n<h2>\u1ee8ng d\u1ee5ng c\u1ee7a\u00a0<a href=\"http:\/\/omllighting.com\" target=\"_blank\" rel=\"noopener\"><span style=\"color: #008080;\">\u0110\u00e8n Led \u1ed1p n\u1ed5i 18W OML\u00ae<\/span><\/a><\/h2>\n<p>S\u1ea3n ph\u1ea9m \u0111\u01b0\u1ee3c \u1ee9ng d\u1ee5ng trong v\u00e0 ngo\u00e0i nh\u00e0, d\u00f9ng chi\u1ebfu s\u00e1ng nh\u00e0 \u1edf, v\u0103n ph\u00f2ng, n\u01a1i l\u00e0m, ngo\u00e0i hi\u00ean nh\u00e0,\u2026<\/p>\n<p>&nbsp;<\/p>\n","protected":false},"excerpt":{"rendered":"<p>T\u00ean s\u1ea3n ph\u1ea9m\u00a0 \u00a0 \u00a0 : \u0110\u00c8N \u1ed0P TR\u00d2N<\/p>\n<p>M\u00e3 s\u1ea3n ph\u1ea9m\u00a0 \u00a0 \u00a0 \u00a0: OML-ONV-TD-18W<\/p>\n<p>C\u00f4ng su\u1ea5t\u00a0 \u00a0 \u00a0 \u00a0 \u00a0 \u00a0 : 18W<\/p>\n<p>K\u00edch th\u01b0\u1edbc\u00a0 \u00a0 \u00a0 \u00a0 \u00a0 \u00a0: 210x40mm<\/p>\n<p>Quang th\u00f4ng\u00a0 \u00a0 \u00a0 \u00a0 : 1440Lm<\/p>\n<p>M\u00e0u s\u1eafc\u00a0 \u00a0 \u00a0 \u00a0 \u00a0 \u00a0 \u00a0 \u00a0: Tr\u1eafng\/3 Ch\u1ebf \u0111\u1ed9<\/p>\n<p>\u0110i\u1ec7n \u00e1p\u00a0 \u00a0 \u00a0 \u00a0 \u00a0 \u00a0 \u00a0 \u00a0: AC85-265V<\/p>\n","protected":false},"featured_media":2351,"comment_status":"open","ping_status":"closed","template":"","meta":[],"product_cat":[136],"product_tag":[192,333],"_links":{"self":[{"href":"https:\/\/www.oml.com.vn\/index.php?rest_route=\/wp\/v2\/product\/2029"}],"collection":[{"href":"https:\/\/www.oml.com.vn\/index.php?rest_route=\/wp\/v2\/product"}],"about":[{"href":"https:\/\/www.oml.com.vn\/index.php?rest_route=\/wp\/v2\/types\/product"}],"replies":[{"embeddable":true,"href":"https:\/\/www.oml.com.vn\/index.php?rest_route=%2Fwp%2Fv2%2Fcomments&post=2029"}],"wp:featuredmedia":[{"embeddable":true,"href":"https:\/\/www.oml.com.vn\/index.php?rest_route=\/wp\/v2\/media\/2351"}],"wp:attachment":[{"href":"https:\/\/www.oml.com.vn\/index.php?rest_route=%2Fwp%2Fv2%2Fmedia&parent=2029"}],"wp:term":[{"taxonomy":"product_cat","embeddable":true,"href":"https:\/\/www.oml.com.vn\/index.php?rest_route=%2Fwp%2Fv2%2Fproduct_cat&post=2029"},{"taxonomy":"product_tag","embeddable":true,"href":"https:\/\/www.oml.com.vn\/index.php?rest_route=%2Fwp%2Fv2%2Fproduct_tag&post=2029"}],"curies":[{"name":"wp","href":"https:\/\/api.w.org\/{rel}","templated":true}]}}