{"id":2103,"date":"2023-03-11T09:12:35","date_gmt":"2023-03-11T02:12:35","guid":{"rendered":"http:\/\/omllighting.com\/?post_type=product&#038;p=2103"},"modified":"2026-03-24T12:25:40","modified_gmt":"2026-03-24T05:25:40","slug":"am-tran-sieu-mong-dls-vien-bac","status":"publish","type":"product","link":"https:\/\/www.oml.com.vn\/?product=am-tran-sieu-mong-dls-vien-bac","title":{"rendered":"\u00c2M TR\u1ea6N SI\u00caU M\u1eceNG DLS &#8211; VI\u1ec0N B\u1ea0C"},"content":{"rendered":"<p><span style=\"font-size: 150%;\"><strong>1.Th\u00f4ng s\u1ed1 k\u1ef9 thu\u1eadt:<\/strong><\/span><\/p>\n<table class=\"thong_so_ky_thuat_rolux\" style=\"height: 324px;\" border=\"1\" width=\"844\" cellspacing=\"0\" cellpadding=\"0\">\n<tbody>\n<tr>\n<td>\u00a0M\u00e3 s\u1ea3n ph\u1ea9m<\/td>\n<td>OML-DLSL9125<\/td>\n<\/tr>\n<tr>\n<td>\u00a0Th\u01b0\u01a1ng hi\u1ec7u<\/td>\n<td><span style=\"color: #696969;\">OML\u00ae LIGHTING<\/span><\/td>\n<\/tr>\n<tr>\n<td>\u00a0C\u00f4ng su\u1ea5t<\/td>\n<td>\u00a09W<\/td>\n<\/tr>\n<tr>\n<td>\u00a0K\u00edch th\u01b0\u1edbc<\/td>\n<td>\u00a0140X18mm<\/td>\n<\/tr>\n<tr>\n<td>\u00a0Hi\u1ec7u su\u1ea5t quang<\/td>\n<td>\u00a0110~120Lm\/w<\/td>\n<\/tr>\n<tr>\n<td>\u00a0Quang th\u00f4ng<\/td>\n<td>\u00a0855Lm<\/td>\n<\/tr>\n<tr>\n<td>\u00a0\u0110\u1ed9 ho\u00e0n m\u00e0u:<\/td>\n<td>\u00a0&gt;85<\/td>\n<\/tr>\n<tr>\n<td>\u00a0\u00c1nh s\u00e1ng<\/td>\n<td>\u00a03 ch\u1ebf \u0111\u1ed9<\/td>\n<\/tr>\n<tr>\n<td>\u00a0\u0110i\u1ec7n \u00e1p (AC)<\/td>\n<td>\u00a085-265V<\/td>\n<\/tr>\n<tr>\n<td>\u00a0L\u1ed7 kho\u00e9t<\/td>\n<td>\u00a0125mm<\/td>\n<\/tr>\n<tr>\n<td>\u00a0Tu\u1ed5i th\u1ecd chip LED<\/td>\n<td>\u00a040.000 gi\u1edd<\/td>\n<\/tr>\n<tr>\n<td>\u00a0B\u1ea3o h\u00e0nh<\/td>\n<td>\u00a024 th\u00e1ng<\/td>\n<\/tr>\n<tr>\n<td><\/td>\n<td><\/td>\n<\/tr>\n<\/tbody>\n<\/table>\n<p><img loading=\"lazy\" class=\" wp-image-1727 aligncenter\" src=\"http:\/\/omllighting.com\/wp-content\/uploads\/2023\/02\/1-300x200.jpg\" alt=\"\" width=\"498\" height=\"332\" srcset=\"https:\/\/www.oml.com.vn\/wp-content\/uploads\/2023\/02\/1-300x200.jpg 300w, https:\/\/www.oml.com.vn\/wp-content\/uploads\/2023\/02\/1-768x512.jpg 768w, https:\/\/www.oml.com.vn\/wp-content\/uploads\/2023\/02\/1-510x340.jpg 510w, https:\/\/www.oml.com.vn\/wp-content\/uploads\/2023\/02\/1.jpg 1021w\" sizes=\"(max-width: 498px) 100vw, 498px\" \/><\/p>\n<p><span style=\"font-size: 150%;\"><strong>2.\u01afu \u0111i\u1ec3m<\/strong><\/span><\/p>\n<p>S\u1eed d\u1ee5ng Chip LED cao c\u1eafp \u0111\u1ea1t \u0111\u1ed9 tin c\u1eady cao Ch\u1ea5t l\u01b0\u1ee3ng \u00e1nh s\u00e1ng cao (CRI&gt;= 80) t\u0103ng kh\u1ea3 n\u0103ng nh\u1eadn di\u1ec7n m\u00e0u s\u1eafc c\u1ee7a v\u1eadt \u0111\u01b0\u1ee3c chi\u1ebfu s\u00e1ng<\/p>\n<p>D\u1ea3i \u0111i\u1ec7n \u00e1p r\u1ed9ng 150 \u2013 250V \u0111\u00e1p \u1ee9ng d\u1ea3i \u0111i\u1ec7n \u00e1p l\u01b0\u1edbi t\u1ea1i Vi\u1ec7t Nam.<\/p>\n<p>\u1ee8ng d\u1ee5ng c\u00f4ng ngh\u1ec7 d\u1eabn s\u00e1ng tr\u00ean t\u1ea5m th\u1ee7y tinh quang h\u1ecdc bi\u1ebfn ngu\u1ed3n s\u00e1ng \u0111i\u1ec3m LED th\u00e0nh ngu\u1ed3n s\u00e1ng ph\u1eb3ng, ph\u00e2n b\u1ed1 \u00e1nh s\u00e1ng \u0111\u1ec1u tr\u00ean b\u1ec1 m\u1eb7t \u0111\u00e8n, h\u1ea1n ch\u1ebf ch\u00f3i l\u00f3a.<\/p>\n<p>LED panel tr\u00f2n m\u1ecfng 18mm ph\u00f9 h\u1ee3p l\u1eafp tr\u1ea7n th\u1ea1ch cao c\u00f3 kho\u1ea3ng c\u00e1ch gi\u1eefa tr\u1ea7n b\u00ea t\u00f4ng v\u00e0 tr\u1ea7n th\u1ea1ch cao th\u1ea5p.<\/p>\n<p>Ti\u1ebft ki\u1ec7m 55% \u0111i\u1ec7n n\u0103ng thay th\u1ebf \u0111\u00e8n downlight compact\u00a0 gi\u00fap gi\u1ea3m chi ph\u00ed h\u00f3a \u0111\u01a1n ti\u1ec1n \u0111i\u1ec7n.<\/p>\n<p>Tu\u1ed5i th\u1ecd cao Tu\u1ed5i th\u1ecd cao 40.000 gi\u1edd, \u0111\u1ed9 tin c\u1eady cao, kh\u00f4ng h\u1ea1n ch\u1ebf s\u1ed1 l\u1ea7n b\u1eadt\/t\u1eaft<\/p>\n<p>Cao g\u1ea5p 2-3 l\u1ea7n so v\u1edbi \u0111\u00e8n compact<\/p>\n<p>D\u1ea3i \u0111i\u1ec7n \u00e1p ho\u1ea1t \u0111\u1ed9ng r\u1ed9ng, t\u01b0\u01a1ng th\u00edch \u0111i\u1ec7n t\u1eeb tr\u01b0\u1eddng EMC\/EMI \u0110\u00e8n LED c\u00f3 d\u1ea3i \u0111i\u1ec7n \u00e1p r\u1ed9ng (150-250V) \u00e1nh s\u00e1ng v\u00e0 c\u00f4ng su\u1ea5t kh\u00f4ng thay \u0111\u1ed5i khi \u0111i\u1ec7n \u00e1p l\u01b0\u1edbi thay \u0111\u1ed5i.<\/p>\n<p>T\u01b0\u01a1ng th\u00edch \u0111i\u1ec7n t\u1eeb tr\u01b0\u1eddng kh\u00f4ng g\u00e2y ra hi\u1ec7n t\u01b0\u1ee3ng nhi\u1ec5u cho s\u1ea3n ph\u1ea9m \u0111i\u1ec7n t\u1eed v\u00e0 kh\u00f4ng b\u1ecb \u1ea3nh h\u01b0\u1edfng nhi\u1ec5u c\u1ee7a c\u00e1c thi\u1ebft b\u1ecb \u0111i\u1ec7n t\u1eed kh\u00e1c<\/p>\n<p>Th\u00e2n thi\u1ec7n m\u00f4i tr\u01b0\u1eddng Kh\u00f4ng ch\u1ee9a th\u1ee7y ng\u00e2n v\u00e0 h\u00f3a ch\u1ea5t \u0111\u1ed9c h\u1ea1i, kh\u00f4ng ph\u00e1t ra tia t\u1eed ngo\u1ea1i, an to\u00e0n cho ng\u01b0\u1eddi s\u1eed d\u1ee5ng<\/p>\n<p>\u1ee8ng d\u1ee5ng : Chi\u1ebfu s\u00e1ng h\u1ed9 gia \u0111\u00ecnh, c\u0103n h\u1ed9: Ph\u00f2ng kh\u00e1ch, ph\u00f2ng b\u1ebfp hi\u1ebfu s\u00e1ng v\u0103n ph\u00f2ng t\u00f2a nh\u00e0, b\u00eanh vi\u1ec7n, trung t\u00e2m th\u01b0\u01a1ng m\u1ea1i, ph\u00f2ng l\u00e0m vi\u1ec7c, ph\u00f2ng h\u1ecdp, ti\u1ec1n s\u1ea3nh l\u1eafp \u0111\u1eb7t \u00e2m tr\u1ea7n&#8230;<\/p>\n","protected":false},"excerpt":{"rendered":"<table>\n<tbody>\n<tr>\n<td><strong>M\u00e3 s\u1ea3n ph\u1ea9m<\/strong><br \/>\n<strong>C\u00f4ng su\u1ea5t<\/strong><br \/>\n<strong>\u00c1nh s\u00e1ng<\/strong><br \/>\n<strong>K\u00edch th\u01b0\u1edbc<\/strong><br \/>\n<strong>\u0110i\u1ec7n \u00e1p<\/strong><br \/>\n<strong>Th\u01b0\u01a1ng hi\u1ec7u<\/strong><br \/>\n<strong>Tu\u1ed5i th\u1ecd<\/strong><br \/>\n<strong>B\u1ea3o h\u00e0nh<\/strong><\/td>\n<td><span class=\"fontstyle0\">: OML-DLSL9125-VB<\/span><br \/>\n: 9W<br \/>\n: 3 ch\u1ebf \u0111\u1ed9<br \/>\n: 140x18mm<br \/>\n:\u00a0<span class=\"fontstyle0\">AC 85-265V<\/span><br \/>\n: OML\u00ae LIGHTING<br \/>\n: 40.000h<br \/>\n: 24 th\u00e1ng<\/td>\n<\/tr>\n<\/tbody>\n<\/table>\n","protected":false},"featured_media":2504,"comment_status":"open","ping_status":"closed","template":"","meta":[],"product_cat":[131],"product_tag":[208,310],"_links":{"self":[{"href":"https:\/\/www.oml.com.vn\/index.php?rest_route=\/wp\/v2\/product\/2103"}],"collection":[{"href":"https:\/\/www.oml.com.vn\/index.php?rest_route=\/wp\/v2\/product"}],"about":[{"href":"https:\/\/www.oml.com.vn\/index.php?rest_route=\/wp\/v2\/types\/product"}],"replies":[{"embeddable":true,"href":"https:\/\/www.oml.com.vn\/index.php?rest_route=%2Fwp%2Fv2%2Fcomments&post=2103"}],"wp:featuredmedia":[{"embeddable":true,"href":"https:\/\/www.oml.com.vn\/index.php?rest_route=\/wp\/v2\/media\/2504"}],"wp:attachment":[{"href":"https:\/\/www.oml.com.vn\/index.php?rest_route=%2Fwp%2Fv2%2Fmedia&parent=2103"}],"wp:term":[{"taxonomy":"product_cat","embeddable":true,"href":"https:\/\/www.oml.com.vn\/index.php?rest_route=%2Fwp%2Fv2%2Fproduct_cat&post=2103"},{"taxonomy":"product_tag","embeddable":true,"href":"https:\/\/www.oml.com.vn\/index.php?rest_route=%2Fwp%2Fv2%2Fproduct_tag&post=2103"}],"curies":[{"name":"wp","href":"https:\/\/api.w.org\/{rel}","templated":true}]}}