{"id":952,"date":"2019-04-26T01:32:36","date_gmt":"2019-04-25T18:32:36","guid":{"rendered":"http:\/\/omllighting.com\/?post_type=product&#038;p=952"},"modified":"2026-03-24T12:25:40","modified_gmt":"2026-03-24T05:25:40","slug":"am-tran-mat-cong","status":"publish","type":"product","link":"https:\/\/www.oml.com.vn\/?product=am-tran-mat-cong","title":{"rendered":"\u00c2M TR\u1ea6N M\u1eb6T CONG"},"content":{"rendered":"<table style=\"width: 600px;\" border=\"1\" cellspacing=\"1\" cellpadding=\"1\">\n<tbody>\n<tr bgcolor=\"#00CCCC\">\n<td colspan=\"2\">\u00a0 \u00a0 \u00a0 \u00a0 \u00a0 \u00a0 \u00a0 \u00a0 \u00a0 \u00a0 \u00a0 \u00a0 \u00a0 \u00a0 \u00a0 \u00a0 \u00a0 \u00a0 \u00a0 \u00a0 \u00a0 \u00a0 \u00a0 \u00a0 \u00a0 \u00a0 \u00a0 \u00a0 \u00a0Th\u00f4ng S\u1ed1 K\u0129 Thu\u1eadt<\/td>\n<\/tr>\n<tr bgcolor=\"#e3f5fc\">\n<td>\u00a0C\u00f4ng su\u1ea5t<\/td>\n<td>5W,7W,12W<\/td>\n<\/tr>\n<tr bgcolor=\"#e3f5fc\">\n<td>\u00a0\u0110i\u1ec7n \u00e1p ho\u1ea1t \u0111\u1ed9ng<\/td>\n<td>165V-265V<\/td>\n<\/tr>\n<tr bgcolor=\"#e3f5fc\">\n<td>Quang th\u00f4ng<\/td>\n<td>85Lm\/W- 95Lm\/W<\/td>\n<\/tr>\n<tr bgcolor=\"#e3f5fc\">\n<td>\u00a0T\u1ea7n s\u1ed1<\/td>\n<td>50\/60Hz<\/td>\n<\/tr>\n<tr bgcolor=\"#e3f5fc\">\n<td>\u00a0Kick th\u01b0\u1edbc<\/td>\n<td>\u00d8106*52, \u00d8118*52, \u00d8160*52<\/td>\n<\/tr>\n<tr bgcolor=\"#e3f5fc\">\n<td>\u00a0L\u1ed7 Kho\u00e9t<\/td>\n<td>\u00d876, \u00d890, \u00d8110<\/td>\n<\/tr>\n<tr bgcolor=\"#e3f5fc\">\n<td>\u00a0Ch\u1ebf \u0111\u1ed9 m\u00e0u<\/td>\n<td>3 M\u00c0U (Tr\u1eafng-v\u00e0ng-trung t\u00ednh), v\u1ecf s\u01a1n m\u1ea1 \u0111\u1ed3ng,s\u01a1n t\u0129nh \u0111i\u1ec7n.<\/td>\n<\/tr>\n<tr bgcolor=\"#e3f5fc\">\n<td>\u00a0B\u1ea3o H\u00e0nh<\/td>\n<td>24 th\u00e1ng<\/td>\n<\/tr>\n<\/tbody>\n<\/table>\n<p><strong><em>Xem th\u00eam :\u00a0<a href=\"http:\/\/omllighting.com\/?p=1993\" target=\"_blank\" rel=\"noopener\">H\u01b0\u1edbng d\u1eabn c\u00e1c c\u00e1ch l\u1eafp \u0111\u1eb7t \u0111\u00e8n LED \u00e2m tr\u1ea7n\u00a0<\/a><\/em><\/strong><\/p>\n<p>M\u00f4 t\u1ea3:<\/p>\n<p>\u0110\u00e8n<a href=\"http:\/\/omllighting.com\" target=\"_blank\" rel=\"noopener\"> \u00c2m tr\u1ea7n m\u1eb7t cong<\/a>\u00a0OML\u00ae c\u00f3 2 ki\u1ec3u m\u00e0u s\u1eafc vi\u1ec1n tr\u1eafng v\u00e0 vi\u1ec1n v\u00e0ng, v\u00e0 3 lo\u1ea1i c\u00f4ng su\u1ea5t 5W 7W 12W. Tuy nhi\u00ean s\u1eed d\u1ee5ng ph\u1ed5 bi\u1ebfn nh\u1ea5t hi\u1ec7n nay l\u00e0 lo\u1ea1i c\u00f4ng su\u1ea5t 7W. \u0110\u00e2y l\u00e0 m\u1ed9t trong nh\u1eefng d\u00f2ng s\u1ea3n ph\u1ea9m m\u0169i nh\u1ecdn c\u1ee7a OML\u00ae.<\/p>\n<p>N\u1ebfu b\u1ea1n \u0111ang t\u00ecm ki\u1ebfm m\u1ed9t s\u1ea3n ph\u1ea9m\u00a0<a href=\"http:\/\/omllighting.com\" target=\"_blank\" rel=\"noopener\">\u0111\u00e8n led \u00e2m tr\u1ea7n<\/a>\u00a0m\u1eb7t cong cho c\u00f4ng tr\u00ecnh c\u1ee7a m\u00ecnh th\u00ec nh\u1eefng th\u00f4ng tin d\u01b0\u1edbi s\u1ebd c\u00f3 \u00edch r\u1ea5t nhi\u1ec1u cho b\u1ea1n:<\/p>\n<h2><strong>\u01afu \u0111i\u1ec3m c\u1ee7a \u0111\u00e8n led \u00e2m tr\u1ea7n m\u1eb7t cong\u00a05W 7W 12W\u00a0OML\u00ae<\/strong><\/h2>\n<ul>\n<li><a href=\"http:\/\/omllighting.com\" target=\"_blank\" rel=\"noopener\">\u0110\u00e8n LED \u00e2m tr\u1ea7n<\/a>\u00a0m\u1eb7t cong 5W\u00a07W 12W\u00a0vi\u1ec1n tr\u1eafng v\u00e0 vi\u1ec1n v\u00e0ng l\u00e0 m\u1ed9t trong nh\u1eefng s\u1ea3n ph\u1ea9m \u0111\u1ed9c \u0111\u00e1o, c\u00f3 t\u00ednh th\u1ea9m m\u1ef9 cao<strong>.\u00a0<\/strong>Th\u00e2n \u0111\u00e8n v\u00e0 b\u1ed9 t\u1ea3n nhi\u1ec7t \u0111\u01b0\u1ee3c l\u00e0m t\u1eeb h\u1ee3p kim nh\u00f4m cao c\u1ea5p gi\u00fap t\u0103ng tu\u1ed5i th\u1ecd c\u1ee7a b\u00f3ng \u0111\u00e8n.<\/li>\n<li>\u0110\u00e8n LED \u00e2m tr\u1ea7n m\u1eb7t cong s\u1eed d\u1ee5ng ch\u00edp LED 2838 k\u1ebft h\u1ee3p v\u1edbi k\u00ednh ph\u1ea3n quang gi\u00fap cho \u00e1nh s\u00e1ng c\u0103ng v\u00e0 m\u1ecbn.<\/li>\n<li>Tu\u1ed5i th\u1ecd trung b\u00ecnh c\u1ee7a \u0111\u00e8n LED \u00e2m tr\u1ea7n m\u1eb7t cong c\u00f3 th\u1ec3 l\u00ean t\u1edbi 40.000 gi\u1edd chi\u1ebfu s\u00e1ng. V\u00ec th\u1ebf tuy gi\u00e1 th\u00e0nh mua s\u1ea3n ph\u1ea9m c\u00f3 \u0111\u1eaft h\u01a1n nh\u01b0ng trong th\u1eddi gian l\u00e2u d\u00e0i s\u1ebd ti\u1ebft ki\u1ec7m \u0111\u01b0\u1ee3c r\u1ea5t nhi\u1ec1u chi ph\u00ed mua \u0111\u00e8n v\u00e0 ph\u00ed \u0111i\u1ec7n ti\u00eau th\u1ee5.<\/li>\n<li>So v\u1edbi c\u00e1c lo\u1ea1i \u0111\u00e8n truy\u1ec1n th\u1ed1ng, \u0111\u00e8n LED \u00e2m tr\u1ea7n m\u1eb7t cong c\u00f3 kh\u1ea3 n\u0103ng ti\u1ebft ki\u1ec7m \u0111\u01b0\u1ee3c 85% \u0111i\u1ec7n n\u0103ng s\u1eed d\u1ee5ng. \u00c1nh s\u00e1ng trong qu\u00e1 tr\u00ecnh s\u1eed d\u1ee5ng c\u0169ng kh\u00f4ng b\u1ecb t\u1ed1i d\u1ea7n nh\u01b0 b\u00f3ng \u0111\u00e8n s\u1ee3i \u0111\u1ed1t, v\u00e0 \u0111\u00e8n compact.<\/li>\n<li>\u0110\u1eb7c bi\u1ec7t, \u00e1nh s\u00e1ng \u00a0ph\u00e1t ra kh\u00f4ng ch\u1ee9a c\u00e1c tia s\u00e1ng \u0111\u1ed9c h\u1ea1i. Thay v\u00e0o \u0111\u00f3 l\u00e0 \u00e1nh s\u00e1ng th\u00e2n thi\u1ec7n v\u1edbi s\u1ee9c kh\u1ecfe c\u1ee7a ng\u01b0\u1eddi s\u1eed d\u1ee5ng v\u00e0 v\u1edbi m\u00f4i tr\u01b0\u1eddng s\u1ed1ng, n\u00ean \u0111\u01b0\u1ee3c s\u1eed d\u1ee5ng trong nhi\u1ec1u c\u00e1c kh\u00f4ng gian ch\u1ee9c n\u0103ng kh\u00e1c nhau.<\/li>\n<li>B\u1ea3o h\u00e0nh 24 th\u00e1ng.<\/li>\n<\/ul>\n<h2><strong>\u1ee8ng d\u1ee5ng c\u1ee7a \u0111\u00e8n LED \u00e2m tr\u1ea7n m\u1eb7t cong<\/strong><\/h2>\n<ul>\n<li>L\u1eafp \u0111\u1eb7t<a href=\"http:\/\/omllighting.com\" target=\"_blank\" rel=\"noopener\">\u00a0<\/a><a href=\"https:\/\/tlclighting.com.vn\/\" target=\"_blank\" rel=\"noopener\">\u0111\u00e8n LED chi\u1ebfu s\u00e1ng<\/a>\u00a0trong c\u00e1c nh\u00e0 \u1edf.<\/li>\n<li>L\u1eafp \u0111\u1eb7t trang tr\u00ed, chi\u1ebfu s\u00e1ng trong c\u00e1c c\u1eeda h\u00e0ng v\u00e0 c\u00e1c trung t\u00e2m th\u01b0\u01a1ng m\u1ea1i.<\/li>\n<li>L\u1eafp \u0111\u1eb7t trong c\u00e1c bi\u1ec7t th\u1ef1, kh\u00e1ch s\u1ea1n, nh\u00e0 h\u00e0ng, du thuy\u1ec1n hay trong c\u00e1c khu nh\u00e0 chung c\u01b0 t\u1eeb t\u1eeb nh\u1ecf \u0111\u1ebfn cao c\u1ea5p.<\/li>\n<li>L\u1eafp \u0111\u1eb7t h\u1ec7 th\u1ed1ng \u0111\u00e8n chi\u1ebfu s\u00e1ng cho c\u00e1c v\u0103n ph\u00f2ng c\u00f4ng ty.<\/li>\n<li>L\u1eafp \u0111\u1eb7t trong c\u00e1c h\u1ec7 th\u1ed1ng chi\u1ebfu s\u00e1ng c\u00e1c c\u00f4ng tr\u00ecnh c\u00f4ng c\u1ed9ng nh\u01b0 b\u1ec7nh vi\u1ec7n, \u0111\u00e8n \u0111\u01b0\u1eddng, c\u00e1c n\u01a1i di\u1ec5n t\u1ed5 ch\u1ee9c s\u1ef1 ki\u1ec7n.<\/li>\n<\/ul>\n<h2><strong>C\u00e1ch l\u1eafp \u0111\u1eb7t \u0111\u00e8n led \u00e2m tr\u1ea7n m\u1eb7t cong\u00a0<\/strong><\/h2>\n<p>1. Kho\u00e9t l\u1ed7 theo th\u00f4ng s\u1ed1 c\u1ee7a<a href=\"http:\/\/omllighting.com\" target=\"_blank\" rel=\"noopener\">\u00a0<\/a><a href=\"https:\/\/tlclighting.com.vn\/\" target=\"_blank\" rel=\"noopener\">\u0111\u00e8n LED<\/a>: \u220576,\u00a0\u220590,\u00a0\u2205110.<\/p>\n<p>2. \u0110\u1ea5u n\u1ed1i b\u1ed9 ph\u1eadn ngu\u1ed3n (Driver) l\u00ean tr\u01b0\u1edbc, sau \u0111\u00f3 \u0111\u1ea5u n\u1ed1i ngu\u1ed3n v\u00e0o v\u1edbi \u0111\u00e8n.<\/p>\n<p>3. \u0110\u00e8n th\u01b0\u1eddng c\u00f3 2 thanh g\u00e0i l\u00f2 xo, \u0111\u1ea9y 2 thanh g\u00e0i l\u00ean vu\u00f4ng g\u00f3c v\u1edbi tr\u1ea7n, sau \u0111\u00f3 nh\u1eb9 nh\u00e0ng \u0111\u1ea9y \u0111\u00e8n v\u00e0o<\/p>\n<p>4. Th\u1eed l\u1ea1i \u0111i\u1ec7n sau\u00a0khi \u0111\u00e3 ho\u00e0n t\u1ea5t l\u1eafp \u0111\u1eb7t.<\/p>\n<p>&nbsp;<\/p>\n<p style=\"text-align: center;\"><img loading=\"lazy\" class=\"alignnone size-medium wp-image-954\" src=\"http:\/\/omllighting.com\/wp-content\/uploads\/2019\/04\/\u1ea3nh-300x148.png\" alt=\"\" width=\"300\" height=\"148\" srcset=\"https:\/\/www.oml.com.vn\/wp-content\/uploads\/2019\/04\/\u1ea3nh-300x148.png 300w, https:\/\/www.oml.com.vn\/wp-content\/uploads\/2019\/04\/\u1ea3nh.png 500w\" sizes=\"(max-width: 300px) 100vw, 300px\" \/><\/p>\n<p style=\"text-align: center;\">H\u00ecnh \u1ea3nh ch\u1ec9 mang t\u00ednh ch\u1ea5t minh h\u1ecda<\/p>\n<p>&nbsp;<\/p>\n<p><strong>L\u1ef1a ch\u1ecdn <\/strong>\u0110\u00c8N LED \u00c2M TR\u1ea6N <strong>nh\u01b0 th\u1ebf n\u00e0o?<\/strong><\/p>\n<p>Hi\u00ean n\u00e0y ngo\u00e0i th\u1ecb tr\u01b0\u1eddng c\u00f3 v\u00f4 s\u1ed1 c\u00e1c m\u1eabu m\u00e3 kh\u00e1c nhau. N\u1ebfu l\u00e0 l\u1ea7n \u0111\u1ea7u c\u00e1c b\u1ea1n mua s\u1ea3n ph\u1ea9m \u00e2m tr\u1ea7n m\u1eb7t cong th\u00ec h\u00e3y l\u01b0u \u00fd \u0111\u1ebfn m\u1ed9t s\u1ed1 chi ti\u1ebft sau nh\u00e9:<\/p>\n<p>Th\u1ee9 nh\u1ea5t, \u0111\u00e1nh gi\u00e1 t\u1ed5ng quan qua m\u00e0u s\u1eafc. Nh\u1eefng s\u1ea3n ph\u1ea9m t\u1ed1t th\u01b0\u1eddng c\u00f3 l\u1edbp m\u1ea1 r\u1ea5t k\u1ef9 l\u01b0\u1ee1ng, \u0111\u1ed3ng nh\u1ea5t, b\u00f3ng s\u00e1ng. C\u00e1c chi ti\u1ebft nh\u01b0 ch\u1ec9\/vi\u1ec1n th\u01b0\u1eddng r\u1ea5t r\u00f5 n\u00e9t, s\u1eafc c\u1ea1nh. L\u1edbp k\u00ednh ph\u1ea3n quang\u00a0 quan s\u00e1t b\u1eb1ng m\u1eaft th\u01b0\u1eddng c\u1ea3m th\u1ea5y r\u1ea5t m\u1ecbn,l\u00ec,\u0111\u1ee5c nh\u01b0ng r\u1ea5t s\u1ea1ch. S\u1edd c\u1ea3m th\u1ea5y h\u01a1i s\u1ea7n.<\/p>\n<p>Th\u1ee9 hai, \u0111\u1ed9 n\u1eb7ng, \u0111anh, \u0111\u1ed9 d\u1ea7y c\u0169ng l\u00e0 ti\u00eau ch\u00ed quan tr\u1ecdng \u0111\u1ec3 \u0111\u00e1nh gi\u00e1. Th\u01b0\u1eddng c\u00e1c h\u00e0ng tr\u00f4i n\u1ed5i hay c\u1ea1nh tranh v\u1ec1 gi\u00e1 th\u00e0nh n\u00ean th\u01b0\u1eddng s\u1eed d\u1ee5ng c\u00e1c chi ti\u1ebft ch\u1ea5t l\u01b0\u1ee3ng k\u00e9m (nh\u1eb9 h\u01a1n, m\u1ecfng h\u01a1n, h\u00e0m l\u01b0\u1ee3ng t\u1ea1p ch\u1ea5t nhi\u1ec1u h\u01a1n,\u2026). M\u1ee5c \u0111\u00edch l\u00e0 t\u1ea1o ra s\u1ea3n ph\u1ea9m nh\u00ecn c\u00f3 v\u1ebb gi\u1ed1ng nh\u01b0ng gi\u00e1 l\u1ea1i r\u1ebb.<\/p>\n<p>Th\u1ee9 ba, n\u1ebfu b\u1ea1n tinh \u00fd s\u1ebd\u00a0 th\u1ea5y r\u1eb1ng c\u00e1c s\u1ea3n ph\u1ea9m t\u1ed1t cho \u00e1nh s\u00e1ng \u0111\u1eb9p h\u01a1n, th\u1eadt h\u01a1n, an to\u00e0n h\u01a1n. L\u00fd do \u1edf \u0111\u00e2y l\u00e0 h\u1ecd \u0111\u00e3 s\u1eed d\u1ee5ng v\u00e0 l\u1ef1a ch\u1ecdn c\u00e1c linh ki\u1ec7n t\u1ed1t nh\u1ea5t (M\u1eaft LED, ngu\u1ed3n Diver, k\u00ednh ph\u1ea3n quang, b\u1ed9 ph\u1eadn t\u1ea3n nhi\u1ec7t, s\u01a1n m\u1ea1,\u2026) \u0111\u1ec3 t\u1ea1o ra s\u1ea3n ph\u1ea9m n\u00ean gi\u00e1 th\u00e0nh c\u1ee7a h\u1ecd \u0111\u01b0\u01a1ng nhi\u00ean ph\u1ea3i x\u1ee9ng \u0111\u00e1ng v\u1edbi gi\u00e1 tr\u1ecb s\u1ea3n ph\u1ea9m.<\/p>\n<p>Ch\u00fac c\u00e1c b\u1ea1n s\u1ebd c\u00f3 nh\u1eefng th\u00f4ng tin b\u1ed5 \u00edch \u0111\u1ec3 mua s\u1eafm hi\u1ec7u qu\u1ea3<\/p>\n<p><strong><em>Xem th\u00eam :\u00a0<a href=\"http:\/\/omllighting.com\/?p=1993\" target=\"_blank\" rel=\"noopener\">H\u01b0\u1edbng d\u1eabn c\u00e1c c\u00e1ch l\u1eafp \u0111\u1eb7t \u0111\u00e8n LED \u00e2m tr\u1ea7n\u00a0<\/a><\/em><\/strong><\/p>\n","protected":false},"excerpt":{"rendered":"<ul>\n<li>T\u00ean s\u1ea3n ph\u1ea9m:<span style=\"color: #696969;\">\u00c2M TR\u1ea6N M\u1eb6T CONG<\/span><\/li>\n<li>a<br \/>\nM\u00e3 s\u1ea3n ph\u1ea9m: <span style=\"color: #696969;\">OML- ATMC7W<\/span><\/li>\n<li>Xu\u1ea5t x\u1ee9:<span style=\"color: #696969;\"> Vi\u1ec7t Nam<\/span><\/li>\n<li>Nh\u00e3n hi\u1ec7u:<span style=\"color: #696969;\"> OML\u00ae LIGHTING<\/span><\/li>\n<\/ul>\n","protected":false},"featured_media":1040,"comment_status":"open","ping_status":"closed","template":"","meta":[],"product_cat":[131],"product_tag":[],"_links":{"self":[{"href":"https:\/\/www.oml.com.vn\/index.php?rest_route=\/wp\/v2\/product\/952"}],"collection":[{"href":"https:\/\/www.oml.com.vn\/index.php?rest_route=\/wp\/v2\/product"}],"about":[{"href":"https:\/\/www.oml.com.vn\/index.php?rest_route=\/wp\/v2\/types\/product"}],"replies":[{"embeddable":true,"href":"https:\/\/www.oml.com.vn\/index.php?rest_route=%2Fwp%2Fv2%2Fcomments&post=952"}],"wp:featuredmedia":[{"embeddable":true,"href":"https:\/\/www.oml.com.vn\/index.php?rest_route=\/wp\/v2\/media\/1040"}],"wp:attachment":[{"href":"https:\/\/www.oml.com.vn\/index.php?rest_route=%2Fwp%2Fv2%2Fmedia&parent=952"}],"wp:term":[{"taxonomy":"product_cat","embeddable":true,"href":"https:\/\/www.oml.com.vn\/index.php?rest_route=%2Fwp%2Fv2%2Fproduct_cat&post=952"},{"taxonomy":"product_tag","embeddable":true,"href":"https:\/\/www.oml.com.vn\/index.php?rest_route=%2Fwp%2Fv2%2Fproduct_tag&post=952"}],"curies":[{"name":"wp","href":"https:\/\/api.w.org\/{rel}","templated":true}]}}