{"id":962,"date":"2019-04-26T02:01:11","date_gmt":"2019-04-25T19:01:11","guid":{"rendered":"http:\/\/omllighting.com\/?post_type=product&#038;p=962"},"modified":"2023-07-05T11:15:52","modified_gmt":"2023-07-05T04:15:52","slug":"den-pha-led-smd-cong-nghe-khong-vit","status":"publish","type":"product","link":"https:\/\/www.oml.com.vn\/?product=den-pha-led-smd-cong-nghe-khong-vit","title":{"rendered":"\u0110\u00c8N PHA LED SMD"},"content":{"rendered":"<table style=\"width: 600px;\" border=\"1\" cellspacing=\"1\" cellpadding=\"1\">\n<tbody>\n<tr bgcolor=\"#00CCCC\">\n<td colspan=\"2\">\u00a0 \u00a0 \u00a0 \u00a0 \u00a0 \u00a0 \u00a0 \u00a0 \u00a0 \u00a0 \u00a0 \u00a0 \u00a0 \u00a0 \u00a0 \u00a0 \u00a0 \u00a0 \u00a0 \u00a0 \u00a0 \u00a0 \u00a0 \u00a0 \u00a0 \u00a0 \u00a0Th\u00f4ng S\u1ed1 K\u0129 Thu\u1eadt<\/td>\n<\/tr>\n<tr bgcolor=\"#e3f5fc\">\n<td>\u00a0C\u00f4ng su\u1ea5t<\/td>\n<td>10W,20W,30W,50W,100W200W<\/td>\n<\/tr>\n<tr bgcolor=\"#e3f5fc\">\n<td>\u00a0\u0110i\u1ec7n \u00e1p ho\u1ea1t \u0111\u1ed9ng<\/td>\n<td>110V-265V<\/td>\n<\/tr>\n<tr bgcolor=\"#e3f5fc\">\n<td>Quang th\u00f4ng<\/td>\n<td>85Lm\/W- 95Lm\/W<\/td>\n<\/tr>\n<tr bgcolor=\"#e3f5fc\">\n<td>\u00a0T\u1ea7n s\u1ed1<\/td>\n<td>50\/60Hz<\/td>\n<\/tr>\n<tr bgcolor=\"#e3f5fc\">\n<td>\u00a0Kick th\u01b0\u1edbc<\/td>\n<td>Tham kh\u1ea3o chi ti\u1ebft t\u1ea1i catalogue<\/td>\n<\/tr>\n<tr bgcolor=\"#e3f5fc\">\n<td>\u00a0Quang th\u00f4ng<\/td>\n<td>Tham kh\u1ea3o chi ti\u1ebft t\u1ea1i catalogue<\/td>\n<\/tr>\n<tr bgcolor=\"#e3f5fc\">\n<td>\u00a0Ch\u1ebf \u0111\u1ed9 m\u00e0u<\/td>\n<td>Tr\u1eafng(6500k), V\u00e0ng(3000K)<\/td>\n<\/tr>\n<tr bgcolor=\"#e3f5fc\">\n<td>\u00a0B\u1ea3o H\u00e0nh<\/td>\n<td>24 th\u00e1ng<\/td>\n<\/tr>\n<\/tbody>\n<\/table>\n<p><a href=\"http:\/\/omllighting.com\" target=\"_blank\" rel=\"noopener\">\u0110\u00e8n pha led<\/a>\u00a0l\u00e0 lo\u1ea1i \u0111\u00e8n pha s\u1eed d\u1ee5ng chip led d\u1ea1ng SMD c\u00f4ng su\u1ea5t cao, ph\u00e1t ra \u00e1nh s\u00e1ng v\u1edbi c\u01b0\u1eddng \u0111\u1ed9 cao. \u0110\u00e8n \u0111\u01b0\u1ee3c \u1ee9ng d\u1ee5ng \u0111\u1ec3 chi\u1ebfu s\u00e1ng ngo\u00e0i tr\u1eddi v\u00ec \u0111\u01b0\u1ee3c thi\u1ebft k\u1ebf c\u1ea5u t\u1ea1o \u0111\u1eb7c bi\u1ec7t v\u1edbi c\u1ea5p \u0111\u1ed9 b\u1ea3o v\u1ec7 c\u00f3 th\u1ec3 ch\u1ed1ng ch\u1ecbu \u0111\u01b0\u1ee3c c\u00e1c t\u00e1c \u0111\u1ed9ng th\u1eddi ti\u1ebft nh\u01b0: ch\u1ed1ng ch\u1ecbu b\u1ee5i, n\u01b0\u1edbc r\u1ea5t t\u1ed1t.<\/p>\n<p><a href=\"https:\/\/tlclighting.com.vn\/san-pham\/den-pha-led-cong-nghe-khong-vit\" target=\"_blank\" rel=\"noopener\">\u0110\u00e8n led pha c\u00f4ng ngh\u1ec7 <\/a><a href=\"http:\/\/omllighting.com\" target=\"_blank\" rel=\"noopener\">\u00a0<\/a>c\u1ee7a\u00a0OML\u00ae l\u00e0 s\u1ea3n ph\u1ea9m c\u00f3 t\u00ednh \u1ee9ng d\u1ee5ng cao, h\u00e3y kh\u00e1m ph\u00e1 c\u00e1c \u0111\u1eb7c \u0111i\u1ec3m n\u1ed5i b\u1eadt c\u1ee7a s\u1ea3n ph\u1ea9m nh\u00e9!<\/p>\n<h3><strong>\u01afu \u0111i\u1ec3m c\u1ee7a \u0111\u00e8n pha LED\u00a0<\/strong><\/h3>\n<ul>\n<li>S\u1ea3n ph\u1ea9m \u0111\u1ea1t ti\u00eau chu\u1ea9n\u00a0<strong>Ip66<\/strong>, thi\u1ebft k\u1ebf ch\u1ed1ng n\u01b0\u1edbc, ch\u1ed1ng b\u1ee5i b\u1ea9n.<\/li>\n<li>Ch\u00f3a tr\u00e1ng b\u1ea1c ph\u1ea3n quang n\u00ean cho \u00e1nh s\u00e1ng g\u1ea5p 1,2 l\u1ea7n.<\/li>\n<li>S\u1ea3n ph\u1ea9m d\u00f9ng ch\u00edp led 2835 t\u0103ng chi\u1ebfu r\u1ecdi l\u00ean 20%.<\/li>\n<li>\u00c1nh s\u00e1ng \u1ed5n \u0111\u1ecbnh, \u0111\u1ed9 t\u1ecfa nhi\u1ec7t th\u1ea5p, si\u00eau ti\u1ebft ki\u1ec7m \u0111i\u1ec7n n\u0103ng.<\/li>\n<li>Ti\u1ebft ki\u1ec7m n\u0103ng l\u1ef1\u01a1ng t\u1eeb 80% so v\u1edbi \u0111\u00e8n th\u01b0\u1eddng.<\/li>\n<li>Nhi\u1ec7t l\u01b0\u1ee3ng t\u1ecfa ra trong th\u1eddi gian l\u00e0m vi\u1ec7c kh\u00f4ng \u0111\u00e1ng k\u1ec3.<\/li>\n<li>Ngu\u1ed3n s\u00e1ng t\u1eeb \u0111\u00e8n pha led ph\u00e1t ra lu\u00f4n \u0111\u1ea3m b\u1ea3o \u0111\u01b0\u1ee3c s\u1ef1 an to\u00e0n v\u00e0 th\u00e2n thi\u1ec7n, kh\u00f4ng ph\u00e1t ra tia t\u1eed ngo\u1ea1i, h\u1ed3ng ngo\u1ea1i, kh\u00f4ng l\u00e0m \u1ea3nh h\u01b0\u1edfng \u0111\u1ebfn s\u1ee9c kh\u1ecfe ng\u01b0\u1eddi ti\u00eau d\u00f9ng.<\/li>\n<li>Hi\u1ec7u qu\u1ea3 ti\u1ebft ki\u1ec7m \u0111i\u1ec7n v\u01b0\u1ee3t tr\u1ed9i v\u00e0 tu\u1ed5i th\u1ecd ho\u1ea1t \u0111\u1ed9ng li\u00ean t\u1ee5c tr\u00ean 30.000 gi\u1edd t\u01b0\u01a1ng \u1ee9ng kho\u1ea3ng 5 n\u0103m s\u1eed d\u1ee5ng, cao h\u01a1n g\u1ea5p nhi\u1ec1u l\u1ea7n so v\u1edbi \u0111\u00e8n truy\u1ec1n th\u1ed1ng.<\/li>\n<li>B\u1ea3o h\u00e0nh 24 th\u00e1ng.<\/li>\n<\/ul>\n<h2><strong>\u1ee8ng d\u1ee5ng c\u1ee7a \u0111\u00e8n led pha\u00a0<\/strong><\/h2>\n<p><a href=\"http:\/\/omllighting.com\" target=\"_blank\" rel=\"noopener\">\u0110\u00e8n led pha<\/a>\u00a0c\u00f4ng ngh\u1ec7 kh\u00f4ng v\u00edt \u0111\u01b0\u1ee3c thi\u1ebft k\u1ebf \u0111\u1eb7c bi\u1ec7t c\u00f3 kh\u1ea3 n\u0103ng ch\u1ecbu \u0111\u01b0\u1ee3c t\u00e1c \u0111\u1ed9ng c\u1ee7a th\u1eddi ti\u1ebft: ch\u1ed1ng b\u1ee5i, ch\u1ed1ng n\u01b0\u1edbc. Do \u0111\u00f3 m\u00e0 \u0111\u00e8n \u0111\u01b0\u1ee3c s\u1eed d\u1ee5ng \u0111\u1ec3 chi\u1ebfu s\u00e1ng kh\u00f4ng gian b\u00ean ngo\u00e0i t\u00f2a nh\u00e0, c\u00f4ng tr\u00ecnh c\u00f4ng c\u1ed9ng, c\u00f4ng vi\u00ean, v\u01b0\u1eddn hoa, l\u1eafp \u0111\u1eb7t tr\u00ean c\u1ed9t \u0111\u00e8n, t\u01b0\u1eddng\u2026<\/p>\n","protected":false},"excerpt":{"rendered":"<p><strong>M\u00e3 s\u1ea3n ph\u1ea9m: OML-FL<\/strong><br \/>\n<strong>C\u00f4ng su\u1ea5t: 10w-20w-30w-50w-100w-200w<\/strong><br \/>\n<strong>\u00c1nh s\u00e1ng: Tr\u1eafng\/ V\u00e0ng<\/strong><br \/>\n<strong>Th\u01b0\u01a1ng hi\u1ec7u: OML\u00aeLIGHTING<\/strong><br \/>\n<strong>Tu\u1ed5i th\u1ecd:\u00a040.000h<\/strong><br \/>\n<strong>B\u1ea3o h\u00e0nh<\/strong>:<strong>: 24 th\u00e1ng<\/strong><\/p>\n","protected":false},"featured_media":2325,"comment_status":"open","ping_status":"closed","template":"","meta":[],"product_cat":[141],"product_tag":[183,187,184,186,185],"_links":{"self":[{"href":"https:\/\/www.oml.com.vn\/index.php?rest_route=\/wp\/v2\/product\/962"}],"collection":[{"href":"https:\/\/www.oml.com.vn\/index.php?rest_route=\/wp\/v2\/product"}],"about":[{"href":"https:\/\/www.oml.com.vn\/index.php?rest_route=\/wp\/v2\/types\/product"}],"replies":[{"embeddable":true,"href":"https:\/\/www.oml.com.vn\/index.php?rest_route=%2Fwp%2Fv2%2Fcomments&post=962"}],"wp:featuredmedia":[{"embeddable":true,"href":"https:\/\/www.oml.com.vn\/index.php?rest_route=\/wp\/v2\/media\/2325"}],"wp:attachment":[{"href":"https:\/\/www.oml.com.vn\/index.php?rest_route=%2Fwp%2Fv2%2Fmedia&parent=962"}],"wp:term":[{"taxonomy":"product_cat","embeddable":true,"href":"https:\/\/www.oml.com.vn\/index.php?rest_route=%2Fwp%2Fv2%2Fproduct_cat&post=962"},{"taxonomy":"product_tag","embeddable":true,"href":"https:\/\/www.oml.com.vn\/index.php?rest_route=%2Fwp%2Fv2%2Fproduct_tag&post=962"}],"curies":[{"name":"wp","href":"https:\/\/api.w.org\/{rel}","templated":true}]}}